n. Calculate the highest common factor of o and 143.
13
Suppose -2*b - 36 = -5*b. What is the greatest common factor of b and 132?
12
Let x = 186 + -264. Let b = x + 132. Calculate the greatest common divisor of 81 and b.
27
Suppose -3*f + 19 = 2*s - 18, -14 = -2*f - 4*s. What is the greatest common factor of 120 and f?
15
Let d = 8 + -3. Calculate the highest common divisor of 45 and d.
5
Let b be (-3 + -1)/((-3)/96). Let x be (-4)/10 - b/(-20). Suppose -a + 6 = -2*g, -2*g = 4*a - 3*a - 18. Calculate the greatest common divisor of x and a.
6
Let v be (-4)/(-10) - 23/(-5). Let w = 2 + 1. Suppose w*h = v*q - 1 - 1, -5*q + 4 = -h. Calculate the greatest common factor of h and 1.
1
Let a = 12 + -9. Suppose 14 = a*c - 10. What is the greatest common factor of 40 and c?
8
Let u(l) = l**3 + 5*l**2 + 5*l. Let x be u(-4). Let p(t) = -t**3 - 4 + 2*t - 5*t**2 - 5*t + 9. Let j be p(x). Calculate the greatest common factor of 8 and j.
1
Let f = 18 + -19. Let m = f + 10. What is the highest common divisor of m and 27?
9
Suppose -4*z = -6*z + 334. Let j = z + -82. What is the highest common divisor of 34 and j?
17
Let t(w) = -w - 3. Let z be t(-7). Let c = -28 - -42. Let x = z + c. Calculate the highest common divisor of 2 and x.
2
Let w = -5 + 13. What is the highest common factor of w and 56?
8
Let k be 2/6 + (-10)/(-6). Suppose -y - 4*a + 12 = 0, 20 = 2*y + 6*a - 2*a. Calculate the greatest common factor of k and y.
2
Suppose 21 = 4*m + 9. Suppose 0 = -m*l + 21 + 15. Calculate the greatest common factor of l and 84.
12
Let n = 3582 - 2310. Suppose 3*k = 7*k - 4*j + n, 0 = -3*k + j - 954. Let q be k/(-5) - 4/(-10). What is the greatest common factor of 16 and q?
16
Let n(b) = -b**2 + 2*b + 2. Let r be n(4). Suppose -3*k - 14 = -2*w, 0 = k - 5*w + 5 + 4. Let j = k - r. What is the greatest common divisor of 3 and j?
1
Let z be -1 - (-2)/(2/21). Suppose 7*b - 2*b - z = -2*c, -4*b + 16 = 5*c. Calculate the greatest common divisor of b and 20.
4
Let u be -2 + (-1 + 1 - -12). Let m be (2/(-3))/(2/(-9)). Let b be 0 - (-1 + m + -32). What is the greatest common divisor of u and b?
10
Let l = 276 + -67. What is the greatest common factor of 19 and l?
19
Let b(q) = 3*q + 3 + 2*q**2 - q**2 - q + 1. Let v be b(-4). Calculate the highest common divisor of 12 and v.
12
Suppose -u = 4*o - 14 - 0, 2*u + 2*o = 16. Let x be (-198)/8*(-16)/u. Suppose 0*d = 2*d - 12. Calculate the greatest common divisor of x and d.
6
Suppose -y - 29 = 2*f + 2*f, -4*y = -3*f + 59. Let g = 32 + y. Suppose 0 = -2*j + i + g, 15 = 4*j + i - 6*i. What is the greatest common factor of j and 15?
5
Suppose -7*o = 9*o - 128. Calculate the greatest common factor of 24 and o.
8
Let v be ((-4)/12)/(1/(-111)) - 1. Calculate the highest common divisor of v and 24.
12
Suppose -x = -2*y + 4, -4*x + 7*x = y + 3. Suppose 5*h = -5*a + 780, 4*a = x*h + a - 297. Calculate the greatest common divisor of h and 17.
17
Suppose 3*a - 51 = 2*c, 0 = 4*a - 3*a + 5*c. Calculate the greatest common divisor of a and 6.
3
Let i(y) be the third derivative of y**5/15 - y**3/6 + y**2. Suppose -n = -z, 4*n + z = 3*n - 4. Let g be i(n). What is the highest common factor of 5 and g?
5
Suppose -2*a + 2*n = 3*a - 90, -3*a - 4*n = -28. Let d(k) = k**2 + 4. Let q be d(-6). Calculate the greatest common divisor of q and a.
8
Let z(w) = -11*w + 1. Let s be z(-1). Suppose -3*o - 4*n + 43 = -18, -n = 2*o - 39. Let r = o - -17. What is the highest common factor of r and s?
12
Suppose -23 = -4*u + 5*d, 3*d = -u + 5*u - 17. What is the greatest common factor of 4 and u?
2
Suppose -5*l + 33 = -127. Let t be 277/6 + 6/(-36). Suppose 3*d - l = -4*q, -5*d - 29 = -5*q + t. Calculate the greatest common factor of 121 and q.
11
Let d = 69 - 25. Calculate the highest common factor of 11 and d.
11
Let r = -5 - -13. Let j be -2*(-12)/r - -37. Calculate the highest common factor of j and 10.
10
Let v(j) = -2*j**2 - 18*j - 6. Let w be v(-8). Calculate the highest common factor of w and 2.
2
Let x(d) = 8*d. Let z(c) = -c. Let k(a) = x(a) + 3*z(a). Suppose 4*h - 2*h = 4. Let y be k(h). What is the greatest common divisor of y and 20?
10
Suppose -6*c + 300 = -3*c. Calculate the highest common factor of 40 and c.
20
Let x be 4/(-18) - 32/18. Let j be (2/(-3))/(x/3). Let i = 32 - 25. Calculate the highest common factor of i and j.
1
Let h be ((-7)/70*-35)/(1/22). Calculate the highest common factor of h and 7.
7
Suppose -1 + 12 = o. What is the greatest common divisor of 22 and o?
11
Let j(k) = -k - 6. Let z be j(-8). Suppose -3*r + 18 = -z*r. Calculate the highest common factor of 2 and r.
2
Let t = -5 + 4. Let z = 11 - t. Let k(g) = -11*g**3 - 2*g - 1. Let w be k(-1). Calculate the greatest common divisor of w and z.
12
Let c be -38*2/2 + -1. Let g = -27 - c. Let n = 142 - 130. What is the greatest common divisor of n and g?
12
Suppose 5*l - 293 = -z, 4*l - 6*z - 220 = -2*z. Calculate the highest common divisor of l and 29.
29
Let p = 34 - 6. What is the highest common divisor of 14 and p?
14
Let d(i) = i + 6. Suppose 22 = -5*v - 8. Let o be d(v). Suppose -128 = -4*t - o*t. What is the highest common factor of t and 80?
16
Let o = -131 + 230. Suppose t - 2 = 3, -5*t + 61 = 4*m. What is the highest common divisor of m and o?
9
Let r be (-794)/(-4) - (-18)/12. What is the highest common factor of r and 25?
25
Suppose 0 = -5*q - 20, -q + 4*q + 12 = 2*o. Let t be (5 - 2) + o + -2. What is the greatest common factor of 1 and t?
1
Let y(i) = -i**2 - 6*i - 3. Let g be y(-5). Let x = g - -7. What is the greatest common factor of 3 and x?
3
Let m(d) = 2*d + 4. Let f be m(-5). Let w = 28 - f. What is the highest common divisor of 272 and w?
34
Let h be 2*1 + 24/6. What is the greatest common factor of 66 and h?
6
Let g = 30 + -7. Calculate the greatest common divisor of g and 253.
23
Let k = 255 + -121. Let m = k - 30. Suppose 4*y - 5*v - 62 = 0, 63 = -0*y + 5*y + v. Calculate the greatest common divisor of y and m.
13
Suppose -2*f = -10 - 14. Calculate the highest common divisor of f and 60.
12
Let v = -15 - -20. Calculate the highest common factor of 15 and v.
5
Suppose 5*n = 23 - 3. Calculate the highest common divisor of 12 and n.
4
Suppose 8*n = 3*n + 20. Let b be (-444)/(-10) + n/(-10). Calculate the highest common divisor of 11 and b.
11
Let p = 1 - -2. Let g be (-126)/(-4) + 4/(-8). Suppose 5*c = -g + 106. Calculate the highest common divisor of p and c.
3
Suppose -2*v + 3*y = -15, 3*v - 4*y + 60 = 7*v. Suppose h + 3*h - 120 = 0. What is the greatest common divisor of h and v?
6
Let u(p) = p**2 - 31. Let x be u(7). Let c be 8*(-1 + 49/4). What is the highest common divisor of x and c?
18
Let t(k) = -k**3 - 2*k**2 + 4*k. Let w = 0 - -16. Suppose 0 = v - 5*v - w. Let y be t(v). Calculate the greatest common divisor of 4 and y.
4
Suppose -5*b + 175 = -l, 2*b - 23 = 3*l + 34. Suppose -90 = -2*h + h. Calculate the highest common factor of h and b.
18
Let a(x) = -2*x**2 + 12*x + 11. Let h be a(6). What is the highest common divisor of 11 and h?
11
Let r be 4/2 + 2*-23. Let p = -24 - r. Calculate the greatest common factor of p and 100.
20
Suppose -3*u + 43 = 5*y, u - 2*u + 3*y + 19 = 0. Calculate the highest common factor of u and 128.
16
Suppose 4*w - 5*j - 31 - 43 = 0, 10 = -5*j. Let d = 27 - w. Let p = -7 + d. What is the highest common factor of p and 4?
4
Suppose 13 = 3*h - 20. Let d = 168 - 69. Calculate the greatest common divisor of h and d.
11
Suppose 3*l - l = -4*v + 200, 0 = 3*v + 5*l - 143. What is the greatest common divisor of 34 and v?
17
Let i be -3 - (-3 - -1 - 57). Calculate the highest common divisor of i and 14.
14
Suppose 3*p + 15 = 3*t - 30, -2*t - 3*p = -35. Let i be ((-6)/(-5))/((-6)/(-200)). What is the greatest common factor of t and i?
8
Let o = 53 + -44. What is the highest common factor of 63 and o?
9
Suppose w - 1 = 2*j, -4*j + w + 2 = 3*w. Let h be (1*-17)/(j - 1). Calculate the greatest common factor of h and 85.
17
Let s(b) = 17*b**2 - b - 1. Let g be s(-1). Let n = g + -12. What is the greatest common factor of 15 and n?
5
Let n be (-3)/(-1)*(3 - -6). Suppose -4*r + 171 = -h + n, -2*h = r - 36. Suppose -5*v = -57 + 12. Calculate the highest common divisor of v and r.
9
Let p be (-6)/(-4)*(-70)/(-21). Calculate the highest c